 the prime factors of 466.
2, 233
List the prime factors of 6608.
2, 7, 59
List the prime factors of 39686.
2, 19843
List the prime factors of 1992.
2, 3, 83
List the prime factors of 101342.
2, 50671
What are the prime factors of 12639?
3, 11, 383
List the prime factors of 185.
5, 37
What are the prime factors of 1679?
23, 73
What are the prime factors of 45?
3, 5
List the prime factors of 7571.
67, 113
What are the prime factors of 98197?
11, 79, 113
List the prime factors of 53529.
3, 7, 2549
List the prime factors of 1024.
2
List the prime factors of 56.
2, 7
List the prime factors of 862.
2, 431
List the prime factors of 14960.
2, 5, 11, 17
What are the prime factors of 272?
2, 17
List the prime factors of 29997.
3, 11, 101
What are the prime factors of 906?
2, 3, 151
List the prime factors of 1079.
13, 83
List the prime factors of 11474.
2, 5737
List the prime factors of 3320.
2, 5, 83
What are the prime factors of 4172?
2, 7, 149
What are the prime factors of 1130?
2, 5, 113
List the prime factors of 40188.
2, 3, 17, 197
List the prime factors of 2039.
2039
What are the prime factors of 40052?
2, 17, 19, 31
List the prime factors of 12428.
2, 13, 239
List the prime factors of 10155.
3, 5, 677
What are the prime factors of 3059?
7, 19, 23
What are the prime factors of 1983?
3, 661
What are the prime factors of 13451?
13451
What are the prime factors of 2640?
2, 3, 5, 11
What are the prime factors of 1350?
2, 3, 5
List the prime factors of 3022.
2, 1511
What are the prime factors of 6268?
2, 1567
List the prime factors of 37841.
79, 479
What are the prime factors of 141?
3, 47
List the prime factors of 87267.
3, 19, 1531
List the prime factors of 884.
2, 13, 17
List the prime factors of 5896.
2, 11, 67
List the prime factors of 3033.
3, 337
What are the prime factors of 128337?
3, 11, 3889
List the prime factors of 661.
661
What are the prime factors of 7824?
2, 3, 163
What are the prime factors of 367?
367
What are the prime factors of 35729?
35729
List the prime factors of 994.
2, 7, 71
What are the prime factors of 929?
929
List the prime factors of 8018.
2, 19, 211
What are the prime factors of 67629?
3, 22543
What are the prime factors of 2675?
5, 107
List the prime factors of 4245.
3, 5, 283
What are the prime factors of 782?
2, 17, 23
List the prime factors of 1316.
2, 7, 47
What are the prime factors of 2012?
2, 503
List the prime factors of 27648.
2, 3
List the prime factors of 2419.
41, 59
List the prime factors of 39340.
2, 5, 7, 281
What are the prime factors of 1008?
2, 3, 7
List the prime factors of 7592.
2, 13, 73
What are the prime factors of 30696?
2, 3, 1279
What are the prime factors of 276?
2, 3, 23
What are the prime factors of 42633?
3, 1579
List the prime factors of 3868.
2, 967
List the prime factors of 15909.
3, 5303
What are the prime factors of 18225?
3, 5
List the prime factors of 7023.
3, 2341
What are the prime factors of 32662?
2, 7, 2333
List the prime factors of 70977.
3, 59, 401
What are the prime factors of 10821?
3, 3607
What are the prime factors of 284?
2, 71
What are the prime factors of 6084?
2, 3, 13
What are the prime factors of 7532?
2, 7, 269
List the prime factors of 6642.
2, 3, 41
What are the prime factors of 25695?
3, 5, 571
What are the prime factors of 214?
2, 107
What are the prime factors of 10193?
10193
List the prime factors of 10706.
2, 53, 101
What are the prime factors of 44476?
2, 11119
List the prime factors of 27481.
27481
List the prime factors of 6923.
7, 23, 43
What are the prime factors of 8622?
2, 3, 479
What are the prime factors of 17488?
2, 1093
What are the prime factors of 2516?
2, 17, 37
What are the prime factors of 74905?
5, 71, 211
What are the prime factors of 618?
2, 3, 103
List the prime factors of 23709.
3, 7, 1129
List the prime factors of 2611.
7, 373
What are the prime factors of 1431?
3, 53
List the prime factors of 69057.
3, 7673
List the prime factors of 71901.
3, 2663
List the prime factors of 1049.
1049
What are the prime factors of 6348?
2, 3, 23
What are the prime factors of 99994?
2, 17, 173
List the prime factors of 50505.
3, 5, 7, 13, 37
What are the prime factors of 910?
2, 5, 7, 13
What are the prime factors of 1761?
3, 587
List the prime factors of 3614.
2, 13, 139
What are the prime factors of 15832?
2, 1979
What are the prime factors of 18140?
2, 5, 907
What are the prime factors of 10236?
2, 3, 853
What are the prime factors of 7237?
7237
What are the prime factors of 61283?
61283
List the prime factors of 395.
5, 79
List the prime factors of 1054.
2, 17, 31
List the prime factors of 146335.
5, 7, 37, 113
What are the prime factors of 409?
409
List the prime factors of 1327.
1327
What are the prime factors of 7187?
7187
List the prime factors of 14420.
2, 5, 7, 103
List the prime factors of 4719.
3, 11, 13
List the prime factors of 3049.
3049
What are the prime factors of 2738?
2, 37
What are the prime factors of 336?
2, 3, 7
What are the prime factors of 13346?
2, 6673
List the prime factors of 70747.
263, 269
What are the prime factors of 1294?
2, 647
What are the prime factors of 1128?
2, 3, 47
List the prime factors of 79.
79
What are the prime factors of 23148?
2, 3, 643
List the prime factors of 61394.
2, 30697
What are the prime factors of 960?
2, 3, 5
What are the prime factors of 3697?
3697
List the prime factors of 323.
17, 19
What are the prime factors of 3131?
31, 101
List the prime factors of 1801.
1801
What are the prime factors of 32439?
3, 11, 983
What are the prime factors of 742?
2, 7, 53
What are the prime factors of 2497?
11, 227
What are the prime factors of 2456?
2, 307
What are the prime factors of 4297?
4297
List the prime factors of 2056.
2, 257
List the prime factors of 13298.
2, 61, 109
What are the prime factors of 1434?
2, 3, 239
What are the prime factors of 4464?
2, 3, 31
What are the prime factors of 1903?
11, 173
List the prime factors of 1451.
1451
What are the prime factors of 345?
3, 5, 23
What are the prime factors of 5818?
2, 2909
What are the prime factors of 17978?
2, 89, 101
What are the prime factors of 79980?
2, 3, 5, 31, 43
List the prime factors of 99582.
2, 3, 7, 2371
What are the prime factors of 1200?
2, 3, 5
What are the prime factors of 52724?
2, 7, 269
List the prime factors of 2249.
13, 173
List the prime factors of 42883.
19, 37, 61
What are the prime factors of 39031?
23, 1697
What are the prime factors of 1032?
2, 3, 43
List the prime factors of 84585.
3, 5, 5639
List the prime factors of 24100.
2, 5, 241
What are the prime factors of 259?
7, 37
What are the prime factors of 42899?
42899
What are the prime factors of 9669?
3, 11, 293
List the prime factors of 8194.
2, 17, 241
List the prime factors of 62797.
7, 8971
What are the prime factors of 88632?
2, 3, 1231
What are the prime factors of 18333?
3, 7, 97
List the prime factors of 25466.
2, 7, 17, 107
List the prime factors of 755.
5, 151
List the prime factors of 2873.
13, 17
What are the prime factors of 207?
3, 23
List the prime factors of 45646.
2, 29, 787
List the prime factors of 20720.
2, 5, 7, 37
What are the prime factors of 5396?
2, 19, 71
What are the prime factors of 794?
2, 397
List the prime factors of 49102.
2, 24551
What are the prime factors of 953?
953
What are the prime factors of 646?
2, 17, 19
What are the prime factors of 15853?
83, 191
What are the prime factors of 80661?
3, 7, 23, 167
What are the prime factors of 7509?
3, 2503
What are the prime factors of 10609?
103
List the prime factors of 467.
467
What are the prime factors of 37246?
2, 11, 1693
List the prime factors of 5953.
5953
List the prime factors of 42056.
2, 7, 751
What are the prime factors of 8748?
2, 3
What are the prime factors of 757?
757
What are the prime factors of 15993?
3, 1777
What are the prime factors of 4419?
3, 491
List the prime factors of 66738.
2, 3, 7, 227
What are the prime factors of 46977?
3, 7, 2237
List the prime factors of 2014.
2, 19, 53
List the prime factors of 20011.
20011
List the prime factors of 6862.
2, 47, 73
What are the prime factors of 65261?
7, 9323
List the prime factors of 5872.
2, 367
What are the prime factors of 26518?
2, 13259
What are the prime factors of 361?
19
List the prime factors of 9747.
3, 19